-3*v - 2*s - 14 = 0. Let r(w) = -w + 1. Let x be r(v). Suppose x*n - 145 = 4*n. What is the tens digit of n?
2
Suppose -3*y - 24 = 3*q, 0 = 6*q - q + 2*y + 25. Let h(j) be the third derivative of 7*j**5/60 + j**4/6 + 2*j**3/3 - j**2. What is the units digit of h(q)?
5
Let r(o) = -2*o. Let n(u) = -47*u - 1. Let j(m) = -2*n(m) + 14*r(m). What is the units digit of j(1)?
8
Let m(q) = -q**3 + 22*q**2 - 8*q - 6. What is the hundreds digit of m(5)?
3
Suppose 0 = 2*s - 0 - 10. Suppose -4*o + s*f = -278, 151 = 4*o - 3*f - 131. What is the tens digit of o?
7
Let m(f) = 2*f**2 + 27*f + 1. What is the tens digit of m(-19)?
1
Let l(n) = 145*n**3 + n**2 + 2*n + 1. Let z be l(-1). What is the tens digit of (-2)/20*6*z?
8
Let j(c) = -4*c - 10. Let s be j(-6). Let g = -72 - -111. Let r = g - s. What is the units digit of r?
5
Let y = -36 - -37. What is the hundreds digit of y/1 + (-278)/(-2)?
1
Let k(a) = a**3 - 13*a**2 - 2*a + 20. Let y(g) = g**2 - 7*g + 14. Let t be y(7). What is the hundreds digit of k(t)?
1
Let w be 532/(-20) - 4/10. Let t = -21 - w. Let p(z) = 3*z + 4. What is the units digit of p(t)?
2
Let l = 41 + -5. What is the hundreds digit of -2 + 10578/l + 2/12?
2
What is the hundreds digit of 10/4*424/10?
1
Suppose 0 = -19*k + 100*k - 471906. What is the thousands digit of k?
5
Suppose 68 = 9*u + 68. Let o be (-30)/4*42/(-9). Suppose u = m + o - 100. What is the units digit of m?
5
Let r be 2/6 - 26/(-3). Suppose h = -k - 0*k - 15, 3*k - 5*h = -37. Let w = r - k. What is the tens digit of w?
2
Let n = 9 + -4. Suppose -3*m - 38 = 4*k - 121, -n*k = -5*m + 80. Let g = 35 - m. What is the units digit of g?
4
Let m(v) = 5*v**3 - 2*v**2 + 3*v - 1. Let f be m(1). Let q(p) = 35*p - 33. What is the hundreds digit of q(f)?
1
Suppose -3*q + 23 = -3*f + 5, -q - 4*f = -31. Let n = q - 11. Suppose -7*a = -49 - n. What is the units digit of a?
7
What is the hundreds digit of 66*(9 + (-9)/(-2))?
8
Suppose -10529*y = -10533*y + 20444. What is the hundreds digit of y?
1
Suppose w - 2*a = 6, 2*w = 6*w + a - 15. Suppose -w*h - g + 3*g = -178, -3*g - 129 = -3*h. What is the units digit of h?
6
Let z be 3 + (-2)/(6/(-15)). Let f be (-2)/z + 78/(-8). Let l = f - -13. What is the units digit of l?
3
Let r(x) = x**2 + 10*x + 22. Let j be r(-10). Let s = 254 + j. What is the hundreds digit of s?
2
Let b be 2/((-2)/(-5) + 0). Suppose k = 2*k - b. Suppose -145 = -k*r + 5*o, 2*r = -2*r + 3*o + 115. What is the tens digit of r?
2
Let t be 1*20 - (-7 + 3). Suppose -2*r - 28 = -5*b, 0*b + 4*r = 2*b - t. What is the tens digit of 364/7 - b/2?
5
Let j = -37 + 41. Suppose 2*x + 2*w - 236 = 0, 9*x - j*x = -4*w + 590. What is the tens digit of x?
1
Let j be 4 + -2 + -14 + 1. Let c = 15 + j. Suppose 0 = 5*y + s + s - 81, -y = -c*s - 25. What is the units digit of y?
7
Let z be (21/12)/(2/8). Suppose -3*a + 16 = z. What is the units digit of a?
3
Let a(t) be the second derivative of -t**3/6 + 3*t**2/2 - 4*t. Let y be a(0). Suppose 8 = 2*w, y*x - 4*w - 32 = -3*w. What is the tens digit of x?
1
Let h(a) = -131*a + 1. Let j be h(1). Let r = -92 - j. Suppose 2*p - r = -0*p. What is the units digit of p?
9
What is the hundreds digit of ((-7 - -8)*4)/(2/178)?
3
Let h = 1979 + -1114. What is the units digit of h?
5
Let r = -33 + 36. What is the units digit of r/2*(99 - 3)?
4
Let b(s) = -16*s**2 + 7*s + 17. Let n(k) = 8*k**2 - 3*k - 8. Let w(a) = 6*b(a) + 13*n(a). What is the units digit of w(-3)?
1
Suppose -60*m = -53*m - 1204. What is the units digit of m?
2
Let v(l) = l**3 + 4*l - 2. Let o be v(5). Suppose 2*c = -5*w + 376, -3*c = -2*w + o + 15. Suppose -7*d + 3*d = -w. What is the tens digit of d?
1
Let o be -32 - (3 - 3)/1. Let a = 8 - o. Suppose t + 3*h - a = -t, 4*t = -5*h + 82. What is the tens digit of t?
2
What is the tens digit of (-4)/(-18) + (8564/(-9))/(-2)?
7
What is the hundreds digit of 102/153 + (-3722)/(-6)?
6
Suppose -3*o - 8 = -o. Let a(y) = 2 + 3 - 2*y - y. What is the units digit of a(o)?
7
Let u(o) = o**3 - 3*o**2 + 4. Let x be u(2). Let v = -8 + 13. Suppose -4*s - v*b = -x*s - 43, 0 = 5*s - 4*b - 105. What is the units digit of s?
7
Let b(n) = -37*n + 79. What is the hundreds digit of b(-10)?
4
Suppose 3*l - 10 = 5*b, -2*l + 5 = -7*b + 4*b. What is the units digit of 136/(6/(-15)*l)?
8
Suppose -5613 = -3*i + 3*c, 6*i - 5882 - 5317 = -3*c. What is the hundreds digit of i?
8
Suppose -z + 4*y = 1, -z - 2*y = 2*y - 23. Suppose 28*j - 22*j = 48. Let n = z - j. What is the units digit of n?
3
Let n(q) = 8*q - 51. Let w be n(8). Let h(l) = l**2 - 11*l + 5. What is the tens digit of h(w)?
3
Suppose l - 3*l = -3214. What is the hundreds digit of l?
6
Suppose 3*m - 14 = 2*v, -v = -5*v - 4. Suppose 0 = -p + m*p. Suppose p = 4*l - 1 - 3. What is the units digit of l?
1
Let r(b) be the third derivative of -b**6/120 + b**5/4 - b**4/2 - 5*b**3/6 + 49*b**2. What is the units digit of r(6)?
7
What is the units digit of (-216118)/(-215) + (-3)/15?
5
What is the hundreds digit of (2*144/(-64))/(6/(-1532))?
1
Let r = -33 - -36. What is the units digit of (-4)/r*(-63)/2?
2
Let c(y) = 28*y - 3. Let l be c(2). Suppose m - 3*j - 91 = -3*m, -j + l = 2*m. Suppose -3*r + m = -2*r. What is the units digit of r?
5
Let n(q) = -6 - 42*q + 18*q + q**2 + 17*q. Let i be n(8). What is the units digit of 301/63 + i/9?
5
Let a(z) be the third derivative of z**7/2520 + z**6/144 + z**5/40 - z**4/8 - z**2. Let r(t) be the second derivative of a(t). What is the units digit of r(-5)?
3
Suppose -5*z + 3*o = -614, o = 3*z - 3*o - 375. Let w = 211 - z. What is the tens digit of w?
9
Let z = 480 - 326. Suppose -4*o + 4*x = -192, 0*x + 5*x = 3*o - z. What is the tens digit of o?
4
Let w(x) = -x**2 + 4*x - 1. Let t be w(3). Suppose -t*d = -5 + 11. What is the tens digit of (69/5)/(d/(-15))?
6
Let t(p) = p**2 - 4*p + 3. Let j be t(4). Suppose -17*k + 19*k = 2. What is the tens digit of k/(516/171 - j)?
5
Let r be 3 + 45 + -3 + 6. Suppose f = -2*f + r. Let l = -6 + f. What is the tens digit of l?
1
Let l be ((-2)/(-3))/(2/24). Let w be ((-12)/16)/(-1)*l. Let o = w - -24. What is the units digit of o?
0
Suppose 0 = -3*x - 6 - 0. Let m be (3/x)/((-24)/128). What is the tens digit of 2805/44 - (-2)/m?
6
Suppose -14 = 4*o + 2. Let z(s) = -26*s - 13. What is the units digit of z(o)?
1
Let c = -14 + 19. Suppose 0 = 2*f + o - 35, -2*o - 13 - 52 = -c*f. What is the tens digit of f?
1
Let h(d) = 2*d + 7. Let x be h(-2). What is the units digit of (-3)/x - (20/5 - 78)?
3
Let y(l) = l + 1. Let s be 4/14*84/24. Let q be y(s). Suppose -4*m = -m + q*c - 121, -5*c = 2*m - 88. What is the tens digit of m?
3
Let j(f) = 2*f + 20. Let k be j(-9). Suppose -k*c - 58 = -4*c. What is the tens digit of c?
2
Suppose -s - 3 - 7 = 0. Let i = 12 + s. Suppose i*c - 3 = a, -27 = -a - 3*c - 10. What is the units digit of a?
5
Let g(b) = -3*b**3 - 9*b**2 - 4*b - 5. Let t be g(-4). Suppose 0 = 3*q + 5*c - 151, c = -5*q + 156 + t. What is the tens digit of q?
4
Suppose t = 4*r - 3*r - 15, -62 = -4*r + 3*t. Let x = r + -14. Suppose 2*u - 14 = -4*z, -z = 3*z + x*u - 15. What is the units digit of z?
3
Suppose 0 = -0*o - 4*o. Suppose -7*p + 5*p + 42 = o. What is the tens digit of (14/p)/(2/108)?
3
Let n = -4554 - -9900. What is the hundreds digit of n?
3
Suppose -44*x + 43*x = -80. Suppose -8*n + 3*n = -x. What is the tens digit of n?
1
Suppose -177 - 333 = -5*b. What is the units digit of b*(-3 - (-22)/6)?
8
Let n(i) = 5*i**3 - 18*i**2 - 5*i + 16. What is the tens digit of n(8)?
8
Suppose -d + 343 = -3*l, 5*d - 4*l = -5*l + 1779. What is the hundreds digit of d?
3
Let b(m) = -2*m**2 - 39*m - 23. Let f be b(-19). What is the tens digit of 42/9*(-222)/f*1?
5
Let f = 1 - -2. Suppose 4*i - f*i + 3 = 0. Let d = i + 5. What is the units digit of d?
2
Suppose 4 - 7 = -3*l. What is the units digit of 9 + -8 + (l - -31)?
3
Let i(c) = c**3 + 21*c**2 + 32*c + 31. What is the tens digit of i(-17)?
4
Let i = 125 + -71. Suppose -t = 2*t - i. What is the units digit of (t/15)/((-3)/(-50))?
0
Let h(q) = -q**3 + 13*q**2 + 3*q - 19. Let b be h(13). Suppose -3*n = -n - b. What is the tens digit of n?
1
Let r(x) = x + 3. Let k be r(-2). Let b be (6/(-2) + 6)*k. Let w = b + 8. What is the tens digit of w?
1
Let z(l) = 11*l + 5. Let y = 3 - -1. What is the units digit